 j(-11).
-21
Let o(z) = 12*z. Calculate o(-1).
-12
Let q(o) = 2*o**2 - 18*o - 6. Give q(9).
-6
Let n(k) = 7*k + 3. Give n(-2).
-11
Let p(d) = 12*d + 115. Calculate p(-10).
-5
Let o(u) = u**3 - 27*u**2 + 24*u + 41. What is o(26)?
-11
Let y(q) = -q**3 + 5*q**2 + q + 6. Give y(6).
-24
Let l(q) = -q**2 - 2*q + 5. Give l(0).
5
Let x(t) = -16*t - 3. What is x(3)?
-51
Let k(u) = -7*u + 23. Calculate k(9).
-40
Let b(h) = -h**3 + 12*h**2 + 28*h + 13. Determine b(14).
13
Let j(d) = d + 18. Calculate j(-13).
5
Let k(m) = -8*m + 57. Determine k(4).
25
Let j(k) = -k**3 + 6*k**2 + 6*k + 8. What is j(7)?
1
Let m(w) = 30*w + 43. Determine m(-1).
13
Let t(u) = -4*u - 6. What is t(-6)?
18
Let t(y) = -y**3 + 14*y**2 + 20. Give t(14).
20
Let b(s) = -2*s**3 + 41*s**2 + 24*s - 58. Give b(21).
5
Let m(w) = -2*w - 120. Calculate m(-24).
-72
Let m(h) = -h**2 - 7*h + 42. Give m(5).
-18
Let s(y) = -y**2 + 14*y - 4. Calculate s(14).
-4
Let y(v) = -19*v + 2. Determine y(4).
-74
Let r(z) = -z**3 + 6*z**2 - 3*z - 9. What is r(4)?
11
Let u(z) = -2*z**2 + 2*z - 5. Determine u(4).
-29
Let a(v) = v**3 - 5*v**2 + 13. What is a(5)?
13
Let q(h) = -3*h**2 + 8*h - 2. What is q(3)?
-5
Let g(x) = 78*x + 235. Give g(-3).
1
Let h(y) = 3*y**2 + 19*y + 32. Determine h(-4).
4
Let t(f) = f**2 + 10*f - 38. Determine t(3).
1
Let j(v) = -v**2 - 4*v + 38. Determine j(-9).
-7
Let u(i) = i - 47. Calculate u(11).
-36
Let a(y) = y**2 - 15*y + 21. What is a(2)?
-5
Let w(f) = -3*f**2 - 7*f - 7. Calculate w(-2).
-5
Let g(s) = -s**3 + 2*s**2 - s + 7. Determine g(0).
7
Let k(u) = u**2 - 19*u - 1. What is k(-2)?
41
Let j(z) = z**2 + 10*z - 27. Determine j(-12).
-3
Let b(x) = 5*x**2 + 8*x - 4. Calculate b(-3).
17
Let x(u) = 2*u**2 - 3*u - 3. What is x(3)?
6
Let w(a) = 5*a + 13. What is w(-3)?
-2
Let i(p) = -p**3 - 4*p**2 - 4*p + 5. Determine i(-5).
50
Let n(k) = -k + 55. Determine n(0).
55
Let i(d) = -d**3 - 11*d**2 + 12*d - 2. What is i(-12)?
-2
Let n(s) = -56*s + 399. Give n(7).
7
Let o(s) = -s**3 - 10*s**2 + 23*s + 3. Calculate o(-12).
15
Let u(z) = -z**3 + 6*z**2 - 9*z + 12. Determine u(5).
-8
Let c(x) = -x**2 + 11*x + 21. Give c(12).
9
Let k(f) = -f**3 - 9*f**2 + 12*f + 20. What is k(-10)?
0
Let c(l) = l**2 - 21*l - 76. Determine c(25).
24
Let p(k) = -k**2 - 13*k + 26. Give p(-15).
-4
Let q(d) = d**3 - 69*d**2 + 378*d + 3. Calculate q(63).
3
Let b(q) = -2*q - 10. What is b(-3)?
-4
Let b(o) = -o**3 - o + 58. Calculate b(0).
58
Let u(s) = -s**3 - 5*s**2 + 9*s + 12. Give u(-5).
-33
Let k(i) = -i**2 + i + 9. Calculate k(-3).
-3
Let m(q) = q**3 + 5*q**2 - 2*q - 12. What is m(-5)?
-2
Let x(f) = -f**2 + 7*f + 5. Calculate x(-3).
-25
Let w(o) = o**3 - 4*o**2 - 3*o + 5. Give w(4).
-7
Let f(k) = k**3 - 11*k**2 + 5*k - 17. What is f(9)?
-134
Let m(q) = 13*q**3 + q**2 + 5*q + 5. Calculate m(-1).
-12
Let b(g) = 7*g + 16. Give b(5).
51
Let g(d) = -3*d. What is g(-10)?
30
Let h(x) = -11*x**2 + x + 1. What is h(-1)?
-11
Let x(t) = -3*t + 148. What is x(46)?
10
Let m(y) = -y**3 - 9*y**2 + 8*y + 15. Calculate m(-10).
35
Let x(f) = -f**3 + f**2 - f - 4. Calculate x(3).
-25
Let z(r) = -2*r + 11. Determine z(-5).
21
Let g(x) = x**3 + 16*x**2 - 11*x - 5. What is g(-17)?
-107
Let v(r) = -3*r**2 - 4. Give v(-2).
-16
Let i(s) = s**3 + 27*s**2 + 24*s - 51. Calculate i(-26).
1
Let o(w) = -w**2 - 21*w + 204. Give o(7).
8
Let h(p) = p**3 + 2*p**2 + p + 73. Calculate h(0).
73
Let q(m) = -m - 11. Calculate q(-6).
-5
Let b(w) = -w**3 + 8*w**2 - 3*w + 2. Give b(7).
30
Let y(b) = 2*b**2 - 8*b - 2. Determine y(4).
-2
Let i(a) = -a**3 + 27*a**2 - 51*a + 16. Give i(25).
-9
Let a(m) = m**3 - 14*m**2 - 35*m + 494. Calculate a(14).
4
Let t(d) = d**3 - 22*d**2 + 4. Determine t(22).
4
Let i(d) = -3*d + 4. What is i(2)?
-2
Let s(y) = -y**2 - 7*y. Calculate s(-5).
10
Let h(o) = 2*o**2 + 3*o - 6. Calculate h(0).
-6
Let y(a) = a - 9. Calculate y(14).
5
Let u(w) = -w**3 - 5*w**2 + 2*w + 12. Calculate u(-5).
2
Let w(z) = -z**3 - z**2 + z + 1. Give w(-1).
0
Let d(i) = i**2 - 6*i + 11. What is d(3)?
2
Let l(n) = 4*n - 1. Give l(-1).
-5
Let f(t) = 4*t**3 - 24*t**2 - 2*t + 14. Give f(6).
2
Let n(m) = 2*m**2 - 29*m + 20. Give n(14).
6
Let t(d) = 4*d - 2. Calculate t(-3).
-14
Let n(h) = -h**2 - 7*h + 2. Determine n(-11).
-42
Let n(p) = -p**3 - p**2 + 2*p + 16. What is n(0)?
16
Let y(q) = q**3 - 5*q**2 - 14*q + 17. What is y(7)?
17
Let k(s) = -3*s**2 - 15*s + 8. Calculate k(-5).
8
Let q(u) = 2*u - 2. Give q(-11).
-24
Let i(y) = -2*y**2 + 16*y - 8. Calculate i(6).
16
Let j(b) = -5*b**2 + 18*b. Give j(4).
-8
Let z(g) = -8*g**2 + 1. Give z(1).
-7
Let k(o) = -o**2 - 3*o - 5. Determine k(-4).
-9
Let h(n) = -n**3 - 8*n**2 + 5*n + 48. Calculate h(-8).
8
Let l(h) = 59*h + 361. Give l(-6).
7
Let v(p) = p**3 - 9*p**2 - 9*p + 12. What is v(10)?
22
Let a(o) = o**2 + 12*o + 63. What is a(-4)?
31
Let j(o) = -o**2 - 2*o + 16. Determine j(4).
-8
Let s(j) = j + 40. Give s(0).
40
Let j(l) = 18*l - 21. Determine j(1).
-3
Let c(w) = -36*w - 1. Calculate c(-1).
35
Let f(k) = k**2 - 14*k - 13. Calculate f(15).
2
Let m(r) = -7*r**3 + 3*r**2 + 2*r + 2. What is m(-2)?
66
Let t(q) = -15*q + 53. What is t(5)?
-22
Let h(q) = -3*q + 3. What is h(5)?
-12
Let r(c) = -4*c**3 + c**2 + 5*c + 5. Give r(-2).
31
Let h(r) = -3*r + 35. What is h(12)?
-1
Let z(j) = -j**3 + 4*j**2 - j - 3. Determine z(5).
-33
Let t(l) = -l**2 + 8*l - 6. Calculate t(8).
-6
Let m(j) = j**3 + 18*j**2 - 4*j + 40. Calculate m(-18).
112
Let g(o) = -o**3 + 28*o**2 + 7. Calculate g(28).
7
Let v(r) = -r - 19. Calculate v(-9).
-10
Let w(n) = -11*n + 25. What is w(3)?
-8
Let u(x) = -6*x - 52. Give u(-4).
-28
Let i(h) = 3*h**2 + 10*h + 11. Determine i(-2).
3
Let b(v) = v**3 + 33*v**2 - 69*v + 51. Give b(-35).
16
Let x(k) = -k**3 - 7*k**2 - 11*k + 5. What is x(-5)?
10
Let f(g) = -3*g**2 + 2*g + 6. Calculate f(-3).
-27
Let v(d) = d + 29. Calculate v(-23).
6
Let t(l) = l + 12. Give t(-11).
1
Let p(k) = -33*k**2 + 1. Calculate p(1).
-32
Let m(t) = -t**2 + 15*t - 22. Determine m(13).
4
Let t(p) = -21*p + 261. Determine t(13).
-12
Let l(y) = -y**3 + 7*y**2 - 10*y + 6. Determine l(6).
-18
Let b(m) = 12*m**3 + 4*m**2 + 4*m + 1. Calculate b(-1).
-11
Let k(t) = t**3 + 26*t**2 - 29*t + 18. What is k(-27)?
72
Let b(f) = 3*f**2 + 12*f + 4. Calculate b(-5).
19
Let b(t) = t**3 - 7*t**2 + 9*t - 3. Calculate b(4).
-15
Let y(m) = -m**3 - 7*m**2 - 10*m - 4. Calculate y(-5).
-4
Let r(t) = -t**3 - 11*t**2 - 24. What is r(-11)?
-24
Let f(h) = -37*h. Determine f(1).
-37
Let t(d) = d**3 + 11*d**2 - 60*d - 6. Calculate t(-15).
-6
Let n(q) = -q**2 - 2*q + 20. Give n(-3).
17
Let k(t) = -8*t**2 + t. What is k(-2)?
-34
Let x(l) = -l**2 + l + 49. Calculate x(0).
49
Let g(k) = -k**2 - 8*k - 3. Determine g(-3).
12
Let h(d) = d**2 - 4*d - 23. Give h(7).
-2
Let h(q) = 123*q + 5. Determine h(-1).
-118
Let z(y) = y**3 - 7*y**2 - 3*y - 2. Determine z(7).
-23
Let g(v) = v**3 + v**2 - 4*v - 3. Calculate g(-3).
-9
Let n(b) = -4*b**2 - 2*b - 3. Calculate n(-2).
-15
Let u(o) = o**3 + 3*o**2 - 3*o + 2. Calculate u(-4).
-2
Let t(o) = o + 8. Calculate t(-13).
-5
Let w(s) = -s**3 + 5*s**2 + 6*s + 4. Give w(6).
4
Let q(b) = -b**3 - 12*b**2 - 13*b - 26. What is q(-11)?
-4
Let x(s) = s**3 - 5*s**2 - 8*s + 6. Determine x(6).
-6
Let y(p) = 14*p**3 + p**2 + p - 1. Calculate y(2).
117
Let k(h) = h**2 + h - 11. What is k(-5)?
9
Let t(d) = -d. What is t(-8)?
8
Let h(w) = -w**3 - 17*w**2 - 26*w + 43. Calculate h(-15).
-17
Let w(g) = -g**2 - 12*g + 8. Give w(-10).
28
Let l(q) = q**2 - 6*q - 8. Determine l(6).
-8
Let b(a) = -a**2 + 2*a + 8. What is b(4)?
0
Let l(w) = 2*w - 45. Give l(17).
-11
Let u(w) = 2*w**2 - w - 16. What is u(5)?
29
Let c(r) = r**3 + 14*r**2 + 13*r - 35. What is c(-13)?
-35
Let d(m) = -m**2 + 4*m + 2. What is d(4)?
2
Let m(f) = f**3 - 4*f**2 + 6*f - 9. Determine m(4).
15
Let l(t) = -39*t - 115. Determine l(-3).
2
Let u(l) = 10*l - 22. Determine u(10).
78
Let d(p) = p**3 - 7*p**2 + 7*p + 7. Calculate d(6).
13
Let b(l) = l**3 + l**2 - 5*l - 1. Give b(0).
-1
Let o(n) = 6*n**2 + 2. Determine o(-1).
8
Let k(s) = -3*s + 26. What is k(10)?
-4
Let q(b) = 4*b - 91. Calculate q(21).
-7
Let z(u) = u + 6. What is z(-7)?
-1
Let x(z) = -z**3 + 14*z**2 - 4*z + 19. Give x(14).
-37
Let o(p) = p**3 - 5*p**2 - 4*p - 5. Give o(5).
-25
Let b(k) = -46*k + 126. Determine b(3).